p + 16. Let j = n - -58. Suppose j = 2*o - 2. What is the remainder when 130 is divided by o?
16
Let x = 2115 - 1836. What is the remainder when x is divided by 44?
15
Let q(l) = -2*l - 6. Let k be ((-3)/1)/((-3)/3 - -2). Calculate the remainder when (6 - k)*(1 - (2 + -4)) is divided by q(-7).
3
Suppose 185 - 30 = 5*s. Suppose 3*d = 4*r + 90, r - 2*d + 17 = -3. Let f = r - -40. Calculate the remainder when s is divided by f.
15
Let y be (0 + 2 + -2)*(-44)/(-220). Suppose 3*a - 5*n - 557 = y, 0 = 5*a - 3*a + 5*n - 413. Calculate the remainder when a is divided by 22.
18
Let o = 21 + -3. Let p(t) = -3*t**2 + 52*t - 13. Let n be p(13). Let w = n + -123. Calculate the remainder when w is divided by o.
15
Suppose 2*j + 3 = 5*i, 0 = 3*j - i + 2 - 4. Let b be (0/5)/(1 + j). Suppose 0*q - 2*q + 62 = b. What is the remainder when 123 is divided by q?
30
Suppose 26*o - 5796 = -4*j + 22*o, 0 = 4*j + 2*o - 5788. What is the remainder when j is divided by 69?
65
Let s be 0*(-3)/(-9) + (-4 - -97). Let d = s + -69. What is the remainder when 44 is divided by d?
20
Let k = 8 - 6. Suppose 0 = -6*t + k*t + 64. Let x(q) = -q**3 + 16*q**2 - 7*q - 79. What is the remainder when x(15) is divided by t?
9
Let n(a) = -7*a + 6. Let s be n(-2). Suppose -4*i - r = -5*r, -i + s = 4*r. Calculate the remainder when 11 is divided by 55/20 + (-2 - (-9)/i).
2
Let y be (-2)/(-8) + 319/(-44). Let j(d) = -20*d - 78. Calculate the remainder when 242 is divided by j(y).
56
Suppose 0 = -3*r + 2*v + v - 270, -178 = 2*r - 3*v. Let o = r + 147. Let f = 6 - -8. Calculate the remainder when o is divided by f.
13
Suppose 2*j - 3486 = -d - 320, 4*d - 16 = 0. Suppose -21*w = -j - 141. Calculate the remainder when w is divided by 43.
39
Suppose 3*u + 555 = 3*m, -5*m = -8*m - 4*u + 562. Let o = 191 - m. Let l = -18 + 36. What is the remainder when l is divided by o?
3
Let g(h) = -2564*h - 7672. Calculate the remainder when 499 is divided by g(-3).
19
Suppose s = -5*p + 368, 803 + 265 = 3*s - 3*p. Suppose -162 - s = -20*d. Calculate the remainder when (-6)/(-15)*(-250)/(-2) is divided by d.
24
Suppose -7 = -3*y + 11. Let g = -143 + 147. Suppose 4*n + g*i = 5*n - 17, 0 = -4*i. Calculate the remainder when n is divided by y.
5
Suppose 348547 + 288789 = 65*w + 68*w. Calculate the remainder when w is divided by 141.
139
Suppose 27*n - 8591 = -52*n + 6103. What is the remainder when 374 is divided by n?
2
Let f(z) = 2*z**2 + 76*z - 492. Calculate the remainder when 265 is divided by f(6).
13
Let w(j) = -j**2 + 11*j - 3. Let c be w(15). Let p = c + 75. What is the remainder when 47 is divided by p?
11
Let z(j) be the third derivative of 7*j**4/12 - 413*j**3/6 + 7*j**2 + 13. Let w = -1 - -19. What is the remainder when w is divided by z(30)?
4
Let m(z) = z**3 - 26*z**2 + 5*z - 126. Let s be m(26). Suppose s*g = -13*g + 2329. What is the remainder when g is divided by 24?
17
Suppose -h + 3*z + 119 = 0, 421 = 4*h - 4*z + 3*z. Calculate the remainder when h is divided by (0 + 3 - 3) + 21.
20
Let k(l) = l + 53. Suppose -733 = -3*z + 5*o, -4*z + 2*o + 542 = -412. Let i = z - 218. Calculate the remainder when k(0) is divided by i.
17
Suppose 4*t = 8*t. Let k = 7 + t. Let a = -43 + 84. What is the remainder when a is divided by k?
6
Let f = -9145 + 9211. Calculate the remainder when 383 is divided by f.
53
Suppose 13*f - 239 = 87*f - 6529. What is the remainder when 417 is divided by f?
77
Let p(d) = 3*d**2 - 3*d - 82. Let f = 12 - -6. What is the remainder when p(-8) is divided by f?
8
Suppose 0 = 223*j - 191*j - 3424. Let y(i) = 3*i**3 + i**2. Calculate the remainder when j is divided by y(2).
23
Suppose -3*w + 211 - 40 = 0. Let c = -11 + 23. What is the remainder when w is divided by -9*(-10)/c*2?
12
Suppose 58 - 118 = 20*i. What is the remainder when 837 is divided by (189/18*-10)/i?
32
Suppose 0 = 12*u - 6*u - 816. Let a = 214 - u. Suppose -4*c = -10 - a. What is the remainder when c is divided by 9?
4
Let b(w) = w**3 - 17*w**2 + 18*w - 5. Suppose -5*z = -25, -91 = -5*y - 3*z + 4. Let u be b(y). What is the remainder when (-424)/(-6) + 9/u is divided by 24?
23
Let y = 15 - 7. Let o = 185 + -322. Let i = o - -160. Calculate the remainder when i is divided by y.
7
Let k(m) = -3*m - 7. Let c = 180 + -190. Suppose 5*r - 49 = -19. What is the remainder when k(c) is divided by r?
5
Suppose 155992 = 16*w + 152952. Calculate the remainder when 595 is divided by w.
25
Let d be (6/(-45)*3)/((-2)/1000). Suppose 98*p - d = 96*p. Suppose 0*b - p = -2*b. What is the remainder when b is divided by 28?
22
Let c(h) = -h**2 + 9*h + 14. Calculate the remainder when 64 + (-2 - -1)/((-2)/(-10)) is divided by c(8).
15
Let x(c) = c**3 + 27*c**2 - 57*c + 61. Let p = 279 + -308. Calculate the remainder when 83 is divided by x(p).
19
Suppose -c = 5054 - 5064. What is the remainder when 5738 is divided by c?
8
Suppose 0 = 3*o - 8*o + 190. What is the remainder when (-2)/((-32)/(-1132))*-1 - (-189)/(-108) is divided by o?
31
Suppose 0 = s + 2*s - 39. Let u(j) = -j**2 - 3 - 2 + 258*j + 1 - 252*j. Calculate the remainder when s is divided by u(2).
1
Let y(i) = 19*i - 5. Let f be y(14). Let r = 429 - f. Calculate the remainder when 4 - r/(-4) - 1 is divided by 12.
9
Let i = -68 - -140. Suppose -588 - 156 = 12*t. Let b = t + i. What is the remainder when 36 is divided by b?
6
Let q = 62 + -460. Let r = -43 - q. Calculate the remainder when r is divided by 7.
5
Let z(c) = 24*c**2 - 12*c - 20. Let o = -630 - -627. What is the remainder when z(o) is divided by 39?
37
Let g(o) = o**3 - 3*o**2 + 4*o + 1. Suppose 284 + 60 = 5*k - 4*u, 0 = 2*k - 6*u - 120. Calculate the remainder when k is divided by g(3).
7
Suppose 0 = -s - 2*c + 5, s = -0*s + 3*c. Let l(f) = 254*f**2 + f - 253*f**2 + 3*f**s + 27 - 2*f**3. Calculate the remainder when l(0) is divided by 14.
13
Suppose -5*g = -11 - 4. Suppose 0 = -696*x + 692*x + 80. Calculate the remainder when x is divided by g.
2
Let g = 96 - 89. Suppose 0*k + 2*k = 3*t - 23, -3*t - 4*k = 1. What is the remainder when g is divided by t?
2
Let w be (-68)/12 - -2 - (-2)/(-6). Let s be 27/4 + (-1)/w. Let y(l) = 7*l - 29. What is the remainder when 37 is divided by y(s)?
17
Let t(a) = -5*a**2 - 34*a + 22. Let z be t(-7). Suppose -z*l = -35*l + 1380. Calculate the remainder when l is divided by 24.
21
Let n = 100 - 62. Suppose 12 = 4*v, 422 = -4*w + 2*v + 1016. Calculate the remainder when w is divided by n.
36
Suppose -3*n + 396 = -3*k, 111*k + 404 = 3*n + 106*k. What is the remainder when 1183 is divided by n?
31
Let l(d) = d - 3. Let n be l(-1). Let p be (-52 - 4)/n*(-36)/8. Let j = p + 215. Calculate the remainder when j is divided by 39.
35
Let r = 4023 + -671. What is the remainder when r is divided by 86?
84
Suppose 1254*o - 1245*o = 270. Calculate the remainder when o is divided by 5.
0
Let b(k) = k**3 - 8*k**2 + 27*k - 2. Let o be b(5). Suppose 5*h - h - 5*y = o, -y + 2 = 0. What is the remainder when 46 is divided by h?
12
Suppose -16*s - 6*s - 325 = -27*s. Calculate the remainder when 122 is divided by s.
57
Suppose -15*x = 1296 - 5211. Suppose -17*j + 1230 - x = 0. Calculate the remainder when 112 is divided by j.
55
Suppose -446*x + 1350 = -401*x. Calculate the remainder when x is divided by (21 + 1)*(-3 + 4).
8
Let s(p) = p**2 - 2*p + 2. Let n(q) = -q**3 + 3*q**2 - 4*q + 2. Let a be n(5). Let b = -61 - a. What is the remainder when b is divided by s(2)?
1
Let y be ((-1)/((-4)/12))/(14/406). Suppose 74 = 3*i + c, -8*c + 7*c = -4*i + y. What is the remainder when 53 is divided by i?
7
Let u = 4038 + -3987. What is the remainder when 501 is divided by u?
42
Let z = 1 - -18. Suppose -173 = -5*r + 2*g, g - 44 = -r - 15. What is the remainder when r is divided by z?
14
Let p be -1 + (-3)/(-3) - 0. Suppose 10*x - 5*x + 2*q = 74, p = -2*x - 3*q + 34. What is the remainder when x is divided by 424/36 + 4/18?
2
Suppose 9*j - 3004 - 2 = 0. Suppose -j*s + 338*s = 40. Let q = 162 + -43. Calculate the remainder when q is divided by s.
9
Let k(m) = 2*m**2 + 37*m - 15. Let y be k(-19). Suppose -4*x = x + v - 77, 0 = -4*x + y*v + 52. Calculate the remainder when 328 is divided by x.
13
Let g(i) = -i**2 - 11*i + 8. Let j be (-3)/(((-8)/6)/(-4)). Calculate the remainder when g(j) is divided by 8*3 - (13 - (2 